1 (base 2) to base 14
33
Convert -2 (base 15) to base 13.
-2
-27 (base 9) to base 7
-34
35 (base 8) to base 16
1d
43 (base 15) to base 16
3f
What is 10 (base 2) in base 4?
2
What is -1 (base 8) in base 13?
-1
What is -10 (base 10) in base 13?
-a
9a (base 12) to base 8
166
-1122 (base 3) to base 9
-48
What is -4c (base 15) in base 8?
-110
Convert 2 (base 6) to base 14.
2
Convert 110122 (base 3) to base 5.
2331
0 (base 15) to base 6
0
Convert 321 (base 6) to base 4.
1321
-1b (base 15) to base 4
-122
Convert 0 (base 9) to base 14.
0
Convert -2 (base 13) to base 16.
-2
What is 102201 (base 3) in base 13?
1b4
1c (base 16) to base 5
103
Convert 0 (base 15) to base 7.
0
Convert -15 (base 11) to base 8.
-20
What is -75 (base 8) in base 15?
-41
What is -5 (base 13) in base 6?
-5
Convert -10 (base 3) to base 12.
-3
What is -46 (base 12) in base 10?
-54
-87 (base 14) to base 7
-230
What is -4 (base 9) in base 5?
-4
Convert -143 (base 5) to base 16.
-30
-1 (base 4) to base 14
-1
What is 26 (base 7) in base 5?
40
Convert -3 (base 16) to base 2.
-11
Convert 37 (base 11) to base 2.
101000
Convert 35 (base 12) to base 8.
51
What is 7 (base 15) in base 3?
21
What is 11100 (base 2) in base 16?
1c
3 (base 15) to base 3
10
12 (base 6) to base 7
11
What is 13 (base 15) in base 13?
15
5 (base 15) to base 11
5
What is 6 (base 14) in base 16?
6
Convert -2 (base 13) to base 8.
-2
22 (base 3) to base 9
8
What is 210 (base 4) in base 13?
2a
Convert c (base 13) to base 15.
c
What is -379 (base 10) in base 14?
-1d1
-5 (base 14) to base 7
-5
Convert 1 (base 7) to base 9.
1
-39 (base 13) to base 7
-66
Convert -14 (base 5) to base 14.
-9
-c (base 15) to base 9
-13
Convert 304 (base 7) to base 15.
a1
16 (base 13) to base 9
21
-2 (base 12) to base 4
-2
Convert -65 (base 14) to base 11.
-81
What is 255 (base 6) in base 5?
412
10212 (base 4) to base 14
170
What is 10110 (base 2) in base 14?
18
Convert -5 (base 15) to base 5.
-10
100 (base 3) to base 6
13
What is 1 (base 15) in base 2?
1
What is -9 (base 16) in base 10?
-9
Convert 55 (base 7) to base 12.
34
What is -a (base 14) in base 12?
-a
c (base 13) to base 15
c
-26 (base 10) to base 14
-1c
Convert -240 (base 9) to base 7.
-402
What is -2d (base 15) in base 7?
-61
What is -12 (base 4) in base 6?
-10
-230 (base 4) to base 9
-48
1 (base 5) to base 7
1
8 (base 15) to base 4
20
6 (base 11) to base 15
6
What is 14 (base 6) in base 4?
22
-2 (base 5) to base 13
-2
Convert -111110 (base 2) to base 9.
-68
2 (base 5) to base 9
2
Convert -1 (base 2) to base 11.
-1
2 (base 12) to base 7
2
-31 (base 15) to base 14
-34
What is -2 (base 13) in base 15?
-2
What is 4 (base 8) in base 3?
11
Convert -143 (base 5) to base 7.
-66
What is 130 (base 6) in base 11?
4a
What is -121 (base 5) in base 12?
-30
-2a (base 13) to base 12
-30
-2 (base 7) to base 10
-2
-a (base 13) to base 15
-a
Convert 4c (base 14) to base 7.
125
Convert 2 (base 11) to base 2.
10
What is -1 (base 9) in base 10?
-1
What is -13 (base 8) in base 14?
-b
Convert -41 (base 5) to base 8.
-25
What is 96 (base 10) in base 2?
1100000
Convert -64 (base 13) to base 10.
-82
What is -11 (base 3) in base 6?
-4
What is -11 (base 3) in base 7?
-4
Convert 2 (base 6) to base 3.
2
Convert -11 (base 11) to base 10.
-12
311 (base 7) to base 10
155
Convert 6 (base 10) to base 15.
6
What is 15b (base 12) in base 3?
21222
-4 (base 9) to base 13
-4
What is -2 (base 4) in base 11?
-2
What is 10110 (base 2) in base 6?
34
What is 8 (base 9) in base 4?
20
20 (base 3) to base 12
6
Convert -2 (base 7) to base 16.
-2
Convert 7 (base 16) to base 11.
7
1 (base 13) to base 10
1
What is 21 (base 9) in base 14?
15
-35 (base 12) to base 11
-38
What is 12 (base 4) in base 9?
6
1011 (base 3) to base 16
1f
-4 (base 6) to base 14
-4
Convert -46 (base 7) to base 3.
-1021
101 (base 2) to base 11
5
Convert -13 (base 9) to base 2.
-1100
Convert -95 (base 10) to base 6.
-235
What is 4 (base 10) in base 15?
4
What is 14 (base 5) in base 10?
9
-13 (base 13) to base 7
-22
What is 10 (base 12) in base 14?
c
What is 37 (base 10) in base 13?
2b
b (base 15) to base 9
12
Convert 30 (base 13) to base 5.
124
What is -15 (base 7) in base 2?
-1100
What is -100 (base 3) in base 4?
-21
What is 1 (base 16) in base 2?
1
23 (base 5) to base 4
31
-24 (base 8) to base 4
-110
Convert -1 (base 6) to base 7.
-1
What is db (base 16) in base 13?
13b
Convert -4 (base 11) to base 8.
-4
What is 43 (base 7) in base 10?
31
Convert 10 (base 3) to base 14.
3
What is 12 (base 9) in base 2?
1011
3 (base 12) to base 15
3
26 (base 13) to base 7
44
-2d (base 15) to base 9
-47
7 (base 13) to base 7
10
Convert 100001110 (base 2) to base 3.
101000
9 (base 12) to base 14
9
Convert -38 (base 15) to base 11.
-49
25 (base 15) to base 4
203
Convert -8 (base 15) to base 4.
-20
Convert -163 (base 8) to base 2.
-1110011
Convert -2 (base 7) to base 16.
-2
Convert 10 (base 2) to base 7.
2
-78 (base 9) to base 16
-47
Convert -2 (base 3) to base 15.
-2
Convert 84 (base 15) to base 3.
11121
What is -2 (base 7) in base 3?
-2
1001110 (base 2) to base 6
210
Convert 331 (base 9) to base 8.
417
What is 21 (base 7) in base 5?
30
Convert -22 (base 10) to base 11.
-20
What is -6b (base 16) in base 13?
-83
Convert -10 (base 9) to base 13.
-9
Convert 57 (base 10) to base 9.
63
3 (base 9) to base 10
3
-242 (base 6) to base 5
-343
Convert -10011 (base 2) to base 9.
-21
What is 10 (base 3) in base 6?
3
Convert 26 (base 7) to base 2.
10100
What is 6b (base 13) in base 16?
59
Convert c6 (base 15) to base 13.
114
What is 110 (base 2) in base 13?
6
Convert -10 (base 6) to base 12.
-6
-11 (base 11) to base 13
-c
What is 1 (base 14) in base 16?
1
What is -25 (base 8) in base 7?
-30
What is 1010100 (base 2) in base 4?
1110
Convert 12 (base 7) to base 16.
9
What is -1102 (base 3) in base 16?
-26
0 (base 4) to base 3
0
Convert 21 (base 3) to base 4.
13
Convert 0 (base 2) to base 8.
0
What is 4 (base 9) in base 3?
11
What is 13 (base 6) in base 7?
12
Convert -106 (base 9) to base 7.
-153
-12 (base 3) to base 9
-5
-74 (base 8) to base 5
-220
Convert -102 (base 3) to base 7.
-14
-25 (base 10) to base 13
-1c
31 (base 15) to base 13
37
Convert 110 (base 8) to base 9.
80
What is 1 (base 2) in base 7?
1
1011 (base 2) to base 13
b
What is -1103 (base 4) in base 2?
-1010011
What is 2 (base 13) in base 14?
2
What is 1b (base 13) in base 5?
44
What is -3 (base 7) in base 2?
-11
Convert -41 (base 9) to base 8.
-45
What is -5 (base 10) in base 16?
-5
322 (base 5) to base 7
153
Convert -3 (base 6) to base 11.
-3
What is 3 (base 8) in base 3?
10
3 (base 15) to base 6
3
What is 34 (base 12) in base 4?
220
Convert -103 (base 4) to base 13.
-16
Convert -330 (base 6) to base 9.
-150
What is 4 (base 6) in base 3?
11
Convert -2 (base 15) to base 8.
-2
3 (base 11) to base 5
3
What is 1 (base 12) in base 15?
1
Convert 10001 (base 3) to base 16.
52
What is -239 (base 11) in base 12?
-1b8
What is -1d (base 16) in base 12?
-25
Convert -1110 (base 2) to base 14.
-10
Convert -1 (base 16) to base 3.
-1
What is 4 (base 16) in base 6?
4
What is -83 (base 12) in base 6?
-243
Convert -dd (base 16) to base 10.
-221
What is 3 (base 7) in base 2?
11
Convert 4 (base 7) to base 8.
4
Convert -37 (base 14) to base 12.
-41
1101001 (base 2) to base 9
126
Convert -3 (base 8) to base 16.
-3
23 (base 14) to base 15
21
-26 (base 12) to base 4
-132
What is 3 (base 11) in base 13?
3
-132 (base 9) to base 16
-6e
What is 13 (base 7) in base 5?
20
Convert 5 (base 6) to base 14.
5
What is 1 (base 16) in base 11?
1
What is -3 (base 15) in base 5?
-3
Convert -2100 (base 3) to base 10.
-63
a (base 15) to base 10
10
-210 (base 9) to base 6
-443
10001 (base 2) to base 9
18
Convert -111 (base 10) to base 3.
-11010
155 (base 9) to base 8
203
24 (base 9) to base 15
17
What is -1 (base 8) in base 14?
-1
Convert -2 (base 14) to base 2.
-10
Convert -18 (base 11) to base 3.
-201
What is 7 (base 14) in base 5?
12
Convert -33 (base 5) to base 14.
-14
109 (base 14) to base 9
247
Convert 23 (base 12) to base 2.
11011
Convert -3 (base 5) to base 3.
-10
0 (base 14) to base 3
0
What is 10 (base 4) in base 14?
4
What is 0 (base 9) in base 13?
0
What is -d (base 14) in base 8?
-15
Convert 112 (base 3) to base 15.
e
-a (base 16) to base 10
-10
Convert -6 (base 